{"id":86,"date":"2024-07-18T10:31:22","date_gmt":"2024-07-18T08:31:22","guid":{"rendered":"https:\/\/www.congere.be\/?page_id=86"},"modified":"2025-09-26T14:45:11","modified_gmt":"2025-09-26T12:45:11","slug":"historique","status":"publish","type":"page","link":"https:\/\/www.festival-du-rire.be\/index.php\/historique\/","title":{"rendered":"Historique"},"content":{"rendered":"\t\t<div data-elementor-type=\"wp-page\" data-elementor-id=\"86\" class=\"elementor elementor-86\">\n\t\t\t\t<div class=\"elementor-element elementor-element-7b85742 e-flex e-con-boxed e-con e-parent\" data-id=\"7b85742\" data-element_type=\"container\" data-e-type=\"container\" data-settings=\"{&quot;background_background&quot;:&quot;gradient&quot;}\">\n\t\t\t\t\t<div class=\"e-con-inner\">\n\t\t\t\t<div class=\"elementor-element elementor-element-9edde02 elementor-invisible elementor-widget elementor-widget-heading\" data-id=\"9edde02\" data-element_type=\"widget\" data-e-type=\"widget\" data-settings=\"{&quot;_animation&quot;:&quot;fadeIn&quot;}\" data-widget_type=\"heading.default\">\n\t\t\t\t<div class=\"elementor-widget-container\">\n\t\t\t\t\t<h2 class=\"elementor-heading-title elementor-size-default\">EN QUELQUES MOTS...<\/h2>\t\t\t\t<\/div>\n\t\t\t\t<\/div>\n\t\t\t\t<div class=\"elementor-element elementor-element-0867952 elementor-widget__width-initial elementor-widget elementor-widget-text-editor\" data-id=\"0867952\" data-element_type=\"widget\" data-e-type=\"widget\" data-widget_type=\"text-editor.default\">\n\t\t\t\t<div class=\"elementor-widget-container\">\n\t\t\t\t\t\t\t\t\t<p><em>Hahaha\u00a0! <\/em>\u2013 Vous les entendez ces rires\u00a0? Ce sont ceux qui retentissent dans la ville de Rochefort depuis plus de 40 ans. C\u2019est en mai 1981 pr\u00e9cis\u00e9ment qu\u2019une belle histoire d\u2019humour est n\u00e9e\u2026 Le Festival International du Rire de Rochefort faisait ses premiers pas. \u00c0 cette \u00e9poque, l\u2019\u00e9v\u00e8nement se d\u00e9roulait sous un chapiteau et ne durait que quatre jours. Aujourd\u2019hui, c\u2019est une institution qui s\u2019\u00e9tale sur 3 semaines au Centre Culturel des Roches et au sein de la ville.<\/p><p>Rochefort, capitale universelle du Rire\u00a0? Gr\u00e2ce \u00e0 sa renomm\u00e9e internationale, le festival conf\u00e8re \u00e0 cette ville nich\u00e9e au pied de l\u2019Ardenne, une image souriante qu\u2019il s\u2019amuse \u00e0 r\u00e9pandre aux quatre coins de la francophonie tout au long de l\u2019ann\u00e9e.<\/p><p>Si les spectacles des artistes vedettes composent le coeur du FIRR, ce sont aussi tout un tas d\u2019autres facteurs qui contribuent aux battements de celui-ci.<\/p>\t\t\t\t\t\t\t\t<\/div>\n\t\t\t\t<\/div>\n\t\t\t\t\t<\/div>\n\t\t\t\t<\/div>\n\t\t<div class=\"elementor-element elementor-element-02d09b5 e-flex e-con-boxed e-con e-parent\" data-id=\"02d09b5\" data-element_type=\"container\" data-e-type=\"container\">\n\t\t\t\t\t<div class=\"e-con-inner\">\n\t\t<div class=\"elementor-element elementor-element-58647e2 e-con-full e-flex e-con e-child\" data-id=\"58647e2\" data-element_type=\"container\" data-e-type=\"container\">\n\t\t\t\t<div class=\"elementor-element elementor-element-8b2734c elementor-widget elementor-widget-heading\" data-id=\"8b2734c\" data-element_type=\"widget\" data-e-type=\"widget\" data-widget_type=\"heading.default\">\n\t\t\t\t<div class=\"elementor-widget-container\">\n\t\t\t\t\t<h2 class=\"elementor-heading-title elementor-size-default\">Les b\u00e9n\u00e9voles, son ADN<\/h2>\t\t\t\t<\/div>\n\t\t\t\t<\/div>\n\t\t\t\t<div class=\"elementor-element elementor-element-4f06a58 elementor-widget elementor-widget-image\" data-id=\"4f06a58\" data-element_type=\"widget\" data-e-type=\"widget\" data-widget_type=\"image.default\">\n\t\t\t\t<div class=\"elementor-widget-container\">\n\t\t\t\t\t\t\t\t\t\t\t\t\t\t\t<img fetchpriority=\"high\" decoding=\"async\" width=\"840\" height=\"559\" src=\"https:\/\/www.festival-du-rire.be\/wp-content\/uploads\/2025\/07\/521115828_597559546499127_9152963459714298667_n.jpg\" class=\"elementor-animation-shrink attachment-large size-large wp-image-3993\" alt=\"\" srcset=\"https:\/\/www.festival-du-rire.be\/wp-content\/uploads\/2025\/07\/521115828_597559546499127_9152963459714298667_n.jpg 840w, https:\/\/www.festival-du-rire.be\/wp-content\/uploads\/2025\/07\/521115828_597559546499127_9152963459714298667_n-300x200.jpg 300w, https:\/\/www.festival-du-rire.be\/wp-content\/uploads\/2025\/07\/521115828_597559546499127_9152963459714298667_n-768x511.jpg 768w\" sizes=\"(max-width: 840px) 100vw, 840px\" \/>\t\t\t\t\t\t\t\t\t\t\t\t\t\t\t<\/div>\n\t\t\t\t<\/div>\n\t\t\t\t<div class=\"elementor-element elementor-element-164eb90 elementor-widget elementor-widget-text-editor\" data-id=\"164eb90\" data-element_type=\"widget\" data-e-type=\"widget\" data-widget_type=\"text-editor.default\">\n\t\t\t\t<div class=\"elementor-widget-container\">\n\t\t\t\t\t\t\t\t\t<p>Le FIRR, cette grande famille\u00a0! Ce sont, chaque ann\u00e9e, plus de 200 b\u00e9n\u00e9voles, r\u00e9partis en une quinzaine d\u2019\u00e9quipes, qui portent la manifestation avec le sourire mais surtout\u2026 avec le c\u0153ur\u00a0! Coiff\u00e9 de leur canotier, celui-ci se transmet bien souvent de g\u00e9n\u00e9ration en g\u00e9n\u00e9ration\u2026\u00a0 Quelle fiert\u00e9 pour le festival de voir perdurer l\u2019\u00e9v\u00e8nement gr\u00e2ce \u00e0 leur d\u00e9vouement, leur enthousiasme et leur professionnalisme. Merci \u00e0 eux\u00a0!<\/p>\t\t\t\t\t\t\t\t<\/div>\n\t\t\t\t<\/div>\n\t\t\t\t<\/div>\n\t\t<div class=\"elementor-element elementor-element-9a04bf8 e-con-full e-flex e-con e-child\" data-id=\"9a04bf8\" data-element_type=\"container\" data-e-type=\"container\">\n\t\t\t\t<div class=\"elementor-element elementor-element-6d63624 elementor-widget elementor-widget-heading\" data-id=\"6d63624\" data-element_type=\"widget\" data-e-type=\"widget\" data-widget_type=\"heading.default\">\n\t\t\t\t<div class=\"elementor-widget-container\">\n\t\t\t\t\t<h2 class=\"elementor-heading-title elementor-size-default\">La d\u00e9couverte, son art\u00e8re principale<\/h2>\t\t\t\t<\/div>\n\t\t\t\t<\/div>\n\t\t\t\t<div class=\"elementor-element elementor-element-e56b811 e-transform e-transform elementor-widget elementor-widget-image\" data-id=\"e56b811\" data-element_type=\"widget\" data-e-type=\"widget\" data-settings=\"{&quot;_transform_rotateZ_effect_hover&quot;:{&quot;unit&quot;:&quot;px&quot;,&quot;size&quot;:&quot;&quot;,&quot;sizes&quot;:[]},&quot;_transform_rotateZ_effect_hover_tablet&quot;:{&quot;unit&quot;:&quot;deg&quot;,&quot;size&quot;:&quot;&quot;,&quot;sizes&quot;:[]},&quot;_transform_rotateZ_effect_hover_mobile&quot;:{&quot;unit&quot;:&quot;deg&quot;,&quot;size&quot;:&quot;&quot;,&quot;sizes&quot;:[]},&quot;_transform_translateX_effect_hover&quot;:{&quot;unit&quot;:&quot;px&quot;,&quot;size&quot;:&quot;&quot;,&quot;sizes&quot;:[]},&quot;_transform_translateX_effect_hover_tablet&quot;:{&quot;unit&quot;:&quot;px&quot;,&quot;size&quot;:&quot;&quot;,&quot;sizes&quot;:[]},&quot;_transform_translateX_effect_hover_mobile&quot;:{&quot;unit&quot;:&quot;px&quot;,&quot;size&quot;:&quot;&quot;,&quot;sizes&quot;:[]},&quot;_transform_translateY_effect_hover&quot;:{&quot;unit&quot;:&quot;px&quot;,&quot;size&quot;:&quot;&quot;,&quot;sizes&quot;:[]},&quot;_transform_translateY_effect_hover_tablet&quot;:{&quot;unit&quot;:&quot;px&quot;,&quot;size&quot;:&quot;&quot;,&quot;sizes&quot;:[]},&quot;_transform_translateY_effect_hover_mobile&quot;:{&quot;unit&quot;:&quot;px&quot;,&quot;size&quot;:&quot;&quot;,&quot;sizes&quot;:[]}}\" data-widget_type=\"image.default\">\n\t\t\t\t<div class=\"elementor-widget-container\">\n\t\t\t\t\t\t\t\t\t\t\t\t\t\t\t<img decoding=\"async\" width=\"1024\" height=\"824\" src=\"https:\/\/www.festival-du-rire.be\/wp-content\/uploads\/2024\/08\/CED_2601-e1723551769563-1024x824.jpg\" class=\"elementor-animation-shrink attachment-large size-large wp-image-276\" alt=\"\" srcset=\"https:\/\/www.festival-du-rire.be\/wp-content\/uploads\/2024\/08\/CED_2601-e1723551769563-1024x824.jpg 1024w, https:\/\/www.festival-du-rire.be\/wp-content\/uploads\/2024\/08\/CED_2601-e1723551769563-300x241.jpg 300w, https:\/\/www.festival-du-rire.be\/wp-content\/uploads\/2024\/08\/CED_2601-e1723551769563-768x618.jpg 768w, https:\/\/www.festival-du-rire.be\/wp-content\/uploads\/2024\/08\/CED_2601-e1723551769563.jpg 1178w\" sizes=\"(max-width: 1024px) 100vw, 1024px\" \/>\t\t\t\t\t\t\t\t\t\t\t\t\t\t\t<\/div>\n\t\t\t\t<\/div>\n\t\t\t\t<div class=\"elementor-element elementor-element-954e53b elementor-widget elementor-widget-text-editor\" data-id=\"954e53b\" data-element_type=\"widget\" data-e-type=\"widget\" data-widget_type=\"text-editor.default\">\n\t\t\t\t<div class=\"elementor-widget-container\">\n\t\t\t\t\t\t\t\t\t<p>D\u00e9couvrir et promouvoir les talents en devenir, c\u2019est la mission premi\u00e8re du festival. Sur la sc\u00e8ne Raymond Devos du Centre Culturel des Roches, se c\u00f4toient tant les plus grands noms, que les futures perles de l\u2019humour. En premi\u00e8re partie ou au Tremplin du Rire, beaucoup d\u2019entre eux ont vu leur carri\u00e8re basculer apr\u00e8s leur passage Rochefortois. Yolande Moreau, Dany Boon, Virginie Hocq, Laura Laune,\u2026 font partie des dizaines de talents r\u00e9v\u00e9l\u00e9 dans le cadre du FIRR.<\/p>\t\t\t\t\t\t\t\t<\/div>\n\t\t\t\t<\/div>\n\t\t\t\t<\/div>\n\t\t\t\t\t<\/div>\n\t\t\t\t<\/div>\n\t\t<div class=\"elementor-element elementor-element-60f35d2 e-flex e-con-boxed e-con e-parent\" data-id=\"60f35d2\" data-element_type=\"container\" data-e-type=\"container\">\n\t\t\t\t\t<div class=\"e-con-inner\">\n\t\t<div class=\"elementor-element elementor-element-69f26a9 e-con-full e-flex e-con e-child\" data-id=\"69f26a9\" data-element_type=\"container\" data-e-type=\"container\">\n\t\t\t\t<div class=\"elementor-element elementor-element-06ee98a elementor-widget elementor-widget-heading\" data-id=\"06ee98a\" data-element_type=\"widget\" data-e-type=\"widget\" data-widget_type=\"heading.default\">\n\t\t\t\t<div class=\"elementor-widget-container\">\n\t\t\t\t\t<h2 class=\"elementor-heading-title elementor-size-default\">Les activit\u00e9s alentours, son \u00e2me festive<\/h2>\t\t\t\t<\/div>\n\t\t\t\t<\/div>\n\t\t\t\t<div class=\"elementor-element elementor-element-5716452 elementor-widget elementor-widget-image\" data-id=\"5716452\" data-element_type=\"widget\" data-e-type=\"widget\" data-widget_type=\"image.default\">\n\t\t\t\t<div class=\"elementor-widget-container\">\n\t\t\t\t\t\t\t\t\t\t\t\t\t\t\t<img decoding=\"async\" width=\"1024\" height=\"682\" src=\"https:\/\/www.festival-du-rire.be\/wp-content\/uploads\/2024\/10\/20230518_143701-1024x682.jpg\" class=\"elementor-animation-shrink attachment-large size-large wp-image-1011\" alt=\"\" srcset=\"https:\/\/www.festival-du-rire.be\/wp-content\/uploads\/2024\/10\/20230518_143701-1024x682.jpg 1024w, https:\/\/www.festival-du-rire.be\/wp-content\/uploads\/2024\/10\/20230518_143701-300x200.jpg 300w, https:\/\/www.festival-du-rire.be\/wp-content\/uploads\/2024\/10\/20230518_143701-768x512.jpg 768w, https:\/\/www.festival-du-rire.be\/wp-content\/uploads\/2024\/10\/20230518_143701-1536x1024.jpg 1536w, https:\/\/www.festival-du-rire.be\/wp-content\/uploads\/2024\/10\/20230518_143701.jpg 1772w\" sizes=\"(max-width: 1024px) 100vw, 1024px\" \/>\t\t\t\t\t\t\t\t\t\t\t\t\t\t\t<\/div>\n\t\t\t\t<\/div>\n\t\t\t\t<\/div>\n\t\t<div class=\"elementor-element elementor-element-a25fb95 e-con-full e-flex e-con e-child\" data-id=\"a25fb95\" data-element_type=\"container\" data-e-type=\"container\">\n\t\t\t\t<div class=\"elementor-element elementor-element-60be82d elementor-widget elementor-widget-text-editor\" data-id=\"60be82d\" data-element_type=\"widget\" data-e-type=\"widget\" data-widget_type=\"text-editor.default\">\n\t\t\t\t<div class=\"elementor-widget-container\">\n\t\t\t\t\t\t\t\t\t<p>R\u00e9put\u00e9 pour sa convivialit\u00e9, il n\u2019y a pas qu\u2019en salle qu\u2019on s\u2019\u00e9clate au FIRR. Des activit\u00e9s, il y en a pour tous les go\u00fbts et toutes les g\u00e9n\u00e9rations. Comptez parmi celles-ci:\u00a0<\/p><ul><li>Le c\u00e9l\u00e8bre Village du Rire, l\u2019endroit o\u00f9 les soir\u00e9es se prolongent jusqu\u2019aux petites heures. Des concerts, Dj set, blind test et autres r\u00e9jouissances musicales pour le bonheur des fervents de la f\u00eate\u00a0!<\/li><li>Le Carrefour BD, qui se d\u00e9roule le jeudi de l\u2019Ascension et propose une journ\u00e9e d\u00e9di\u00e9e au monde de la Bande Dessin\u00e9e. Autour du dessinateur mis \u00e0 l\u2019honneur se d\u00e9cline une exposition, des s\u00e9ances de d\u00e9dicaces, une brocante BD et d\u2019autres activit\u00e9s pour ravir les familles.<\/li><li>Le Rendez-vous des Confr\u00e9ries Gastronomiques du Namurois a lieu le dernier samedi du festival et est une journ\u00e9e o\u00f9 folklore et animations familiales font bon m\u00e9nage.<\/li><\/ul>\t\t\t\t\t\t\t\t<\/div>\n\t\t\t\t<\/div>\n\t\t\t\t<\/div>\n\t\t\t\t\t<\/div>\n\t\t\t\t<\/div>\n\t\t\t\t<\/div>\n\t\t","protected":false},"excerpt":{"rendered":"<p>EN QUELQUES MOTS&#8230; Hahaha\u00a0! \u2013 Vous les entendez ces rires\u00a0? Ce sont ceux qui retentissent dans la ville de Rochefort depuis plus de 40 ans. C\u2019est en mai 1981 pr\u00e9cis\u00e9ment qu\u2019une belle histoire d\u2019humour est n\u00e9e\u2026 Le Festival International du Rire de Rochefort faisait ses premiers pas. \u00c0 cette \u00e9poque, l\u2019\u00e9v\u00e8nement se d\u00e9roulait sous un [&hellip;]<\/p>\n","protected":false},"author":2,"featured_media":0,"parent":0,"menu_order":0,"comment_status":"closed","ping_status":"closed","template":"elementor_header_footer","meta":{"footnotes":""},"class_list":["post-86","page","type-page","status-publish","hentry","entry"],"yoast_head":"<!-- This site is optimized with the Yoast SEO plugin v24.1 - https:\/\/yoast.com\/wordpress\/plugins\/seo\/ -->\n<title>Historique - Firr<\/title>\n<meta name=\"robots\" content=\"index, follow, max-snippet:-1, max-image-preview:large, max-video-preview:-1\" \/>\n<link rel=\"canonical\" href=\"https:\/\/www.festival-du-rire.be\/index.php\/historique\/\" \/>\n<meta property=\"og:locale\" content=\"fr_FR\" \/>\n<meta property=\"og:type\" content=\"article\" \/>\n<meta property=\"og:title\" content=\"Historique - Firr\" \/>\n<meta property=\"og:description\" content=\"EN QUELQUES MOTS&#8230; Hahaha\u00a0! \u2013 Vous les entendez ces rires\u00a0? Ce sont ceux qui retentissent dans la ville de Rochefort depuis plus de 40 ans. C\u2019est en mai 1981 pr\u00e9cis\u00e9ment qu\u2019une belle histoire d\u2019humour est n\u00e9e\u2026 Le Festival International du Rire de Rochefort faisait ses premiers pas. \u00c0 cette \u00e9poque, l\u2019\u00e9v\u00e8nement se d\u00e9roulait sous un [&hellip;]\" \/>\n<meta property=\"og:url\" content=\"https:\/\/www.festival-du-rire.be\/index.php\/historique\/\" \/>\n<meta property=\"og:site_name\" content=\"Firr\" \/>\n<meta property=\"article:modified_time\" content=\"2025-09-26T12:45:11+00:00\" \/>\n<meta property=\"og:image\" content=\"https:\/\/www.festival-du-rire.be\/wp-content\/uploads\/2025\/07\/521115828_597559546499127_9152963459714298667_n.jpg\" \/>\n\t<meta property=\"og:image:width\" content=\"840\" \/>\n\t<meta property=\"og:image:height\" content=\"559\" \/>\n\t<meta property=\"og:image:type\" content=\"image\/jpeg\" \/>\n<meta name=\"twitter:card\" content=\"summary_large_image\" \/>\n<meta name=\"twitter:label1\" content=\"Dur\u00e9e de lecture estim\u00e9e\" \/>\n\t<meta name=\"twitter:data1\" content=\"3 minutes\" \/>\n<script type=\"application\/ld+json\" class=\"yoast-schema-graph\">{\"@context\":\"https:\/\/schema.org\",\"@graph\":[{\"@type\":\"WebPage\",\"@id\":\"https:\/\/www.festival-du-rire.be\/index.php\/historique\/\",\"url\":\"https:\/\/www.festival-du-rire.be\/index.php\/historique\/\",\"name\":\"Historique - Firr\",\"isPartOf\":{\"@id\":\"https:\/\/www.festival-du-rire.be\/#website\"},\"primaryImageOfPage\":{\"@id\":\"https:\/\/www.festival-du-rire.be\/index.php\/historique\/#primaryimage\"},\"image\":{\"@id\":\"https:\/\/www.festival-du-rire.be\/index.php\/historique\/#primaryimage\"},\"thumbnailUrl\":\"https:\/\/www.festival-du-rire.be\/wp-content\/uploads\/2025\/07\/521115828_597559546499127_9152963459714298667_n.jpg\",\"datePublished\":\"2024-07-18T08:31:22+00:00\",\"dateModified\":\"2025-09-26T12:45:11+00:00\",\"breadcrumb\":{\"@id\":\"https:\/\/www.festival-du-rire.be\/index.php\/historique\/#breadcrumb\"},\"inLanguage\":\"fr-FR\",\"potentialAction\":[{\"@type\":\"ReadAction\",\"target\":[\"https:\/\/www.festival-du-rire.be\/index.php\/historique\/\"]}]},{\"@type\":\"ImageObject\",\"inLanguage\":\"fr-FR\",\"@id\":\"https:\/\/www.festival-du-rire.be\/index.php\/historique\/#primaryimage\",\"url\":\"https:\/\/www.festival-du-rire.be\/wp-content\/uploads\/2025\/07\/521115828_597559546499127_9152963459714298667_n.jpg\",\"contentUrl\":\"https:\/\/www.festival-du-rire.be\/wp-content\/uploads\/2025\/07\/521115828_597559546499127_9152963459714298667_n.jpg\",\"width\":840,\"height\":559},{\"@type\":\"BreadcrumbList\",\"@id\":\"https:\/\/www.festival-du-rire.be\/index.php\/historique\/#breadcrumb\",\"itemListElement\":[{\"@type\":\"ListItem\",\"position\":1,\"name\":\"Accueil\",\"item\":\"https:\/\/www.festival-du-rire.be\/\"},{\"@type\":\"ListItem\",\"position\":2,\"name\":\"Historique\"}]},{\"@type\":\"WebSite\",\"@id\":\"https:\/\/www.festival-du-rire.be\/#website\",\"url\":\"https:\/\/www.festival-du-rire.be\/\",\"name\":\"Firr\",\"description\":\"\",\"publisher\":{\"@id\":\"https:\/\/www.festival-du-rire.be\/#organization\"},\"potentialAction\":[{\"@type\":\"SearchAction\",\"target\":{\"@type\":\"EntryPoint\",\"urlTemplate\":\"https:\/\/www.festival-du-rire.be\/?s={search_term_string}\"},\"query-input\":{\"@type\":\"PropertyValueSpecification\",\"valueRequired\":true,\"valueName\":\"search_term_string\"}}],\"inLanguage\":\"fr-FR\"},{\"@type\":\"Organization\",\"@id\":\"https:\/\/www.festival-du-rire.be\/#organization\",\"name\":\"Firr\",\"url\":\"https:\/\/www.festival-du-rire.be\/\",\"logo\":{\"@type\":\"ImageObject\",\"inLanguage\":\"fr-FR\",\"@id\":\"https:\/\/www.festival-du-rire.be\/#\/schema\/logo\/image\/\",\"url\":\"https:\/\/www.festival-du-rire.be\/wp-content\/uploads\/2024\/07\/cropped-Profil-FIRR_smiley-modif.png\",\"contentUrl\":\"https:\/\/www.festival-du-rire.be\/wp-content\/uploads\/2024\/07\/cropped-Profil-FIRR_smiley-modif.png\",\"width\":561,\"height\":442,\"caption\":\"Firr\"},\"image\":{\"@id\":\"https:\/\/www.festival-du-rire.be\/#\/schema\/logo\/image\/\"}}]}<\/script>\n<!-- \/ Yoast SEO plugin. -->","yoast_head_json":{"title":"Historique - Firr","robots":{"index":"index","follow":"follow","max-snippet":"max-snippet:-1","max-image-preview":"max-image-preview:large","max-video-preview":"max-video-preview:-1"},"canonical":"https:\/\/www.festival-du-rire.be\/index.php\/historique\/","og_locale":"fr_FR","og_type":"article","og_title":"Historique - Firr","og_description":"EN QUELQUES MOTS&#8230; Hahaha\u00a0! \u2013 Vous les entendez ces rires\u00a0? Ce sont ceux qui retentissent dans la ville de Rochefort depuis plus de 40 ans. C\u2019est en mai 1981 pr\u00e9cis\u00e9ment qu\u2019une belle histoire d\u2019humour est n\u00e9e\u2026 Le Festival International du Rire de Rochefort faisait ses premiers pas. \u00c0 cette \u00e9poque, l\u2019\u00e9v\u00e8nement se d\u00e9roulait sous un [&hellip;]","og_url":"https:\/\/www.festival-du-rire.be\/index.php\/historique\/","og_site_name":"Firr","article_modified_time":"2025-09-26T12:45:11+00:00","og_image":[{"width":840,"height":559,"url":"https:\/\/www.festival-du-rire.be\/wp-content\/uploads\/2025\/07\/521115828_597559546499127_9152963459714298667_n.jpg","type":"image\/jpeg"}],"twitter_card":"summary_large_image","twitter_misc":{"Dur\u00e9e de lecture estim\u00e9e":"3 minutes"},"schema":{"@context":"https:\/\/schema.org","@graph":[{"@type":"WebPage","@id":"https:\/\/www.festival-du-rire.be\/index.php\/historique\/","url":"https:\/\/www.festival-du-rire.be\/index.php\/historique\/","name":"Historique - Firr","isPartOf":{"@id":"https:\/\/www.festival-du-rire.be\/#website"},"primaryImageOfPage":{"@id":"https:\/\/www.festival-du-rire.be\/index.php\/historique\/#primaryimage"},"image":{"@id":"https:\/\/www.festival-du-rire.be\/index.php\/historique\/#primaryimage"},"thumbnailUrl":"https:\/\/www.festival-du-rire.be\/wp-content\/uploads\/2025\/07\/521115828_597559546499127_9152963459714298667_n.jpg","datePublished":"2024-07-18T08:31:22+00:00","dateModified":"2025-09-26T12:45:11+00:00","breadcrumb":{"@id":"https:\/\/www.festival-du-rire.be\/index.php\/historique\/#breadcrumb"},"inLanguage":"fr-FR","potentialAction":[{"@type":"ReadAction","target":["https:\/\/www.festival-du-rire.be\/index.php\/historique\/"]}]},{"@type":"ImageObject","inLanguage":"fr-FR","@id":"https:\/\/www.festival-du-rire.be\/index.php\/historique\/#primaryimage","url":"https:\/\/www.festival-du-rire.be\/wp-content\/uploads\/2025\/07\/521115828_597559546499127_9152963459714298667_n.jpg","contentUrl":"https:\/\/www.festival-du-rire.be\/wp-content\/uploads\/2025\/07\/521115828_597559546499127_9152963459714298667_n.jpg","width":840,"height":559},{"@type":"BreadcrumbList","@id":"https:\/\/www.festival-du-rire.be\/index.php\/historique\/#breadcrumb","itemListElement":[{"@type":"ListItem","position":1,"name":"Accueil","item":"https:\/\/www.festival-du-rire.be\/"},{"@type":"ListItem","position":2,"name":"Historique"}]},{"@type":"WebSite","@id":"https:\/\/www.festival-du-rire.be\/#website","url":"https:\/\/www.festival-du-rire.be\/","name":"Firr","description":"","publisher":{"@id":"https:\/\/www.festival-du-rire.be\/#organization"},"potentialAction":[{"@type":"SearchAction","target":{"@type":"EntryPoint","urlTemplate":"https:\/\/www.festival-du-rire.be\/?s={search_term_string}"},"query-input":{"@type":"PropertyValueSpecification","valueRequired":true,"valueName":"search_term_string"}}],"inLanguage":"fr-FR"},{"@type":"Organization","@id":"https:\/\/www.festival-du-rire.be\/#organization","name":"Firr","url":"https:\/\/www.festival-du-rire.be\/","logo":{"@type":"ImageObject","inLanguage":"fr-FR","@id":"https:\/\/www.festival-du-rire.be\/#\/schema\/logo\/image\/","url":"https:\/\/www.festival-du-rire.be\/wp-content\/uploads\/2024\/07\/cropped-Profil-FIRR_smiley-modif.png","contentUrl":"https:\/\/www.festival-du-rire.be\/wp-content\/uploads\/2024\/07\/cropped-Profil-FIRR_smiley-modif.png","width":561,"height":442,"caption":"Firr"},"image":{"@id":"https:\/\/www.festival-du-rire.be\/#\/schema\/logo\/image\/"}}]}},"_links":{"self":[{"href":"https:\/\/www.festival-du-rire.be\/index.php\/wp-json\/wp\/v2\/pages\/86","targetHints":{"allow":["GET"]}}],"collection":[{"href":"https:\/\/www.festival-du-rire.be\/index.php\/wp-json\/wp\/v2\/pages"}],"about":[{"href":"https:\/\/www.festival-du-rire.be\/index.php\/wp-json\/wp\/v2\/types\/page"}],"author":[{"embeddable":true,"href":"https:\/\/www.festival-du-rire.be\/index.php\/wp-json\/wp\/v2\/users\/2"}],"replies":[{"embeddable":true,"href":"https:\/\/www.festival-du-rire.be\/index.php\/wp-json\/wp\/v2\/comments?post=86"}],"version-history":[{"count":94,"href":"https:\/\/www.festival-du-rire.be\/index.php\/wp-json\/wp\/v2\/pages\/86\/revisions"}],"predecessor-version":[{"id":4520,"href":"https:\/\/www.festival-du-rire.be\/index.php\/wp-json\/wp\/v2\/pages\/86\/revisions\/4520"}],"wp:attachment":[{"href":"https:\/\/www.festival-du-rire.be\/index.php\/wp-json\/wp\/v2\/media?parent=86"}],"curies":[{"name":"wp","href":"https:\/\/api.w.org\/{rel}","templated":true}]}}