{"version":"1.0","provider_name":"Firr","provider_url":"https:\/\/www.festival-du-rire.be","author_name":"valerie","author_url":"https:\/\/www.festival-du-rire.be\/index.php\/author\/valerie\/","title":"Rue &amp; Co - Firr","type":"rich","width":600,"height":338,"html":"<blockquote class=\"wp-embedded-content\" data-secret=\"CCABDbbBl9\"><a href=\"https:\/\/www.festival-du-rire.be\/index.php\/rue-co\/\">Rue &amp; Co<\/a><\/blockquote><iframe sandbox=\"allow-scripts\" security=\"restricted\" src=\"https:\/\/www.festival-du-rire.be\/index.php\/rue-co\/embed\/#?secret=CCABDbbBl9\" width=\"600\" height=\"338\" title=\"\u00ab\u00a0Rue &amp; Co\u00a0\u00bb &#8212; Firr\" data-secret=\"CCABDbbBl9\" frameborder=\"0\" marginwidth=\"0\" marginheight=\"0\" scrolling=\"no\" class=\"wp-embedded-content\"><\/iframe><script>\n\/*! This file is auto-generated *\/\n!function(d,l){\"use strict\";l.querySelector&&d.addEventListener&&\"undefined\"!=typeof URL&&(d.wp=d.wp||{},d.wp.receiveEmbedMessage||(d.wp.receiveEmbedMessage=function(e){var t=e.data;if((t||t.secret||t.message||t.value)&&!\/[^a-zA-Z0-9]\/.test(t.secret)){for(var s,r,n,a=l.querySelectorAll('iframe[data-secret=\"'+t.secret+'\"]'),o=l.querySelectorAll('blockquote[data-secret=\"'+t.secret+'\"]'),c=new RegExp(\"^https?:$\",\"i\"),i=0;i<o.length;i++)o[i].style.display=\"none\";for(i=0;i<a.length;i++)s=a[i],e.source===s.contentWindow&&(s.removeAttribute(\"style\"),\"height\"===t.message?(1e3<(r=parseInt(t.value,10))?r=1e3:~~r<200&&(r=200),s.height=r):\"link\"===t.message&&(r=new URL(s.getAttribute(\"src\")),n=new URL(t.value),c.test(n.protocol))&&n.host===r.host&&l.activeElement===s&&(d.top.location.href=t.value))}},d.addEventListener(\"message\",d.wp.receiveEmbedMessage,!1),l.addEventListener(\"DOMContentLoaded\",function(){for(var e,t,s=l.querySelectorAll(\"iframe.wp-embedded-content\"),r=0;r<s.length;r++)(t=(e=s[r]).getAttribute(\"data-secret\"))||(t=Math.random().toString(36).substring(2,12),e.src+=\"#?secret=\"+t,e.setAttribute(\"data-secret\",t)),e.contentWindow.postMessage({message:\"ready\",secret:t},\"*\")},!1)))}(window,document);\n\/\/# sourceURL=https:\/\/www.festival-du-rire.be\/wp-includes\/js\/wp-embed.min.js\n<\/script>\n","description":"Rue &amp; Co La journ\u00e9e de cl\u00f4ture du FIRR est plac\u00e9e sous le signe de la convivialit\u00e9 et de la bonne humeur !\u00a0 March\u00e9 artisanal, spectacles et shows de rue surprenants, animations ludiques pour petits et grands ainsi que des rencontres gourmandes avec le rendez-vous des confr\u00e9ries gastronomiques.\u00a0 Des moments inoubliables \u00e0 partager en famille [&hellip;]","thumbnail_url":"https:\/\/www.festival-du-rire.be\/wp-content\/uploads\/2025\/07\/Rue.jpg"}

Rue &amp; Co La journée de clôture du FIRR est placée sous le signe de la convivialité et de la bonne humeur !  Marché artisanal, spectacles et shows de rue surprenants, animations ludiques pour petits et grands ainsi que des rencontres gourmandes avec le rendez-vous des confréries gastronomiques.  Des moments inoubliables à partager en famille [&hellip;]
