{"version":"1.0","provider_name":"Firr","provider_url":"https:\/\/www.festival-du-rire.be","author_name":"valerie","author_url":"https:\/\/www.festival-du-rire.be\/index.php\/author\/valerie\/","title":"Historique - Firr","type":"rich","width":600,"height":338,"html":"<blockquote class=\"wp-embedded-content\" data-secret=\"3f8c62ZpFI\"><a href=\"https:\/\/www.festival-du-rire.be\/index.php\/historique\/\">Historique<\/a><\/blockquote><iframe sandbox=\"allow-scripts\" security=\"restricted\" src=\"https:\/\/www.festival-du-rire.be\/index.php\/historique\/embed\/#?secret=3f8c62ZpFI\" width=\"600\" height=\"338\" title=\"\u00ab\u00a0Historique\u00a0\u00bb &#8212; Firr\" data-secret=\"3f8c62ZpFI\" frameborder=\"0\" marginwidth=\"0\" marginheight=\"0\" scrolling=\"no\" class=\"wp-embedded-content\"><\/iframe><script>\n\/*! This file is auto-generated *\/\n!function(d,l){\"use strict\";l.querySelector&&d.addEventListener&&\"undefined\"!=typeof URL&&(d.wp=d.wp||{},d.wp.receiveEmbedMessage||(d.wp.receiveEmbedMessage=function(e){var t=e.data;if((t||t.secret||t.message||t.value)&&!\/[^a-zA-Z0-9]\/.test(t.secret)){for(var s,r,n,a=l.querySelectorAll('iframe[data-secret=\"'+t.secret+'\"]'),o=l.querySelectorAll('blockquote[data-secret=\"'+t.secret+'\"]'),c=new RegExp(\"^https?:$\",\"i\"),i=0;i<o.length;i++)o[i].style.display=\"none\";for(i=0;i<a.length;i++)s=a[i],e.source===s.contentWindow&&(s.removeAttribute(\"style\"),\"height\"===t.message?(1e3<(r=parseInt(t.value,10))?r=1e3:~~r<200&&(r=200),s.height=r):\"link\"===t.message&&(r=new URL(s.getAttribute(\"src\")),n=new URL(t.value),c.test(n.protocol))&&n.host===r.host&&l.activeElement===s&&(d.top.location.href=t.value))}},d.addEventListener(\"message\",d.wp.receiveEmbedMessage,!1),l.addEventListener(\"DOMContentLoaded\",function(){for(var e,t,s=l.querySelectorAll(\"iframe.wp-embedded-content\"),r=0;r<s.length;r++)(t=(e=s[r]).getAttribute(\"data-secret\"))||(t=Math.random().toString(36).substring(2,12),e.src+=\"#?secret=\"+t,e.setAttribute(\"data-secret\",t)),e.contentWindow.postMessage({message:\"ready\",secret:t},\"*\")},!1)))}(window,document);\n\/\/# sourceURL=https:\/\/www.festival-du-rire.be\/wp-includes\/js\/wp-embed.min.js\n<\/script>\n","description":"EN QUELQUES MOTS&#8230; Hahaha\u00a0! \u2013 Vous les entendez ces rires\u00a0? Ce sont ceux qui retentissent dans la ville de Rochefort depuis plus de 40 ans. C\u2019est en mai 1981 pr\u00e9cis\u00e9ment qu\u2019une belle histoire d\u2019humour est n\u00e9e\u2026 Le Festival International du Rire de Rochefort faisait ses premiers pas. \u00c0 cette \u00e9poque, l\u2019\u00e9v\u00e8nement se d\u00e9roulait sous un [&hellip;]","thumbnail_url":"https:\/\/www.festival-du-rire.be\/wp-content\/uploads\/2025\/07\/521115828_597559546499127_9152963459714298667_n.jpg","thumbnail_width":840,"thumbnail_height":559}

EN QUELQUES MOTS&#8230; Hahaha ! – Vous les entendez ces rires ? Ce sont ceux qui retentissent dans la ville de Rochefort depuis plus de 40 ans. C’est en mai 1981 précisément qu’une belle histoire d’humour est née… Le Festival International du Rire de Rochefort faisait ses premiers pas. À cette époque, l’évènement se déroulait sous un [&hellip;]
